divided by 467?
6
What is the remainder when 15145 is divided by 7566?
13
Calculate the remainder when 103004 is divided by 104.
44
What is the remainder when 12803 is divided by 59?
0
What is the remainder when 54242 is divided by 2463?
56
What is the remainder when 29174 is divided by 253?
79
Calculate the remainder when 12375906 is divided by 74.
72
Calculate the remainder when 33098 is divided by 8267.
30
Calculate the remainder when 23253 is divided by 530.
463
Calculate the remainder when 490 is divided by 405.
85
Calculate the remainder when 245028 is divided by 1070.
1068
What is the remainder when 187250 is divided by 40?
10
Calculate the remainder when 252 is divided by 236.
16
What is the remainder when 5259 is divided by 2575?
109
What is the remainder when 14217 is divided by 13?
8
What is the remainder when 7610 is divided by 206?
194
Calculate the remainder when 567146 is divided by 71.
69
Calculate the remainder when 520799 is divided by 66.
59
Calculate the remainder when 169056 is divided by 161.
6
Calculate the remainder when 117456 is divided by 716.
32
Calculate the remainder when 41044 is divided by 13680.
4
What is the remainder when 1926 is divided by 771?
384
What is the remainder when 103216 is divided by 34401?
13
What is the remainder when 2163 is divided by 63?
21
What is the remainder when 260043 is divided by 3059?
28
Calculate the remainder when 1611 is divided by 400.
11
Calculate the remainder when 61859 is divided by 12.
11
What is the remainder when 3129773 is divided by 1066?
1063
Calculate the remainder when 1293 is divided by 59.
54
Calculate the remainder when 3525 is divided by 88.
5
Calculate the remainder when 1340 is divided by 217.
38
What is the remainder when 4813663 is divided by 11?
8
What is the remainder when 2554 is divided by 837?
43
What is the remainder when 3132 is divided by 1827?
1305
What is the remainder when 383329 is divided by 5808?
1
What is the remainder when 1282872 is divided by 2131?
10
What is the remainder when 3829 is divided by 82?
57
Calculate the remainder when 28731 is divided by 49.
17
Calculate the remainder when 206595 is divided by 13.
12
What is the remainder when 200119 is divided by 36?
31
What is the remainder when 1681 is divided by 185?
16
Calculate the remainder when 3283160 is divided by 13.
10
Calculate the remainder when 6303 is divided by 2100.
3
What is the remainder when 18091 is divided by 18032?
59
What is the remainder when 92227 is divided by 122?
117
Calculate the remainder when 90778 is divided by 122.
10
What is the remainder when 558 is divided by 32?
14
What is the remainder when 5576 is divided by 328?
0
Calculate the remainder when 63340 is divided by 7032.
52
What is the remainder when 2973163 is divided by 13?
11
What is the remainder when 10063 is divided by 1350?
613
Calculate the remainder when 7731 is divided by 3797.
137
Calculate the remainder when 904927 is divided by 6510.
37
Calculate the remainder when 80707 is divided by 434.
417
Calculate the remainder when 476894 is divided by 65.
54
What is the remainder when 375519 is divided by 1647?
3
Calculate the remainder when 10853 is divided by 10817.
36
Calculate the remainder when 57378 is divided by 617.
614
What is the remainder when 266303 is divided by 304?
303
Calculate the remainder when 194838 is divided by 77.
28
What is the remainder when 52165 is divided by 111?
106
What is the remainder when 7168 is divided by 204?
28
What is the remainder when 2769 is divided by 1887?
882
What is the remainder when 14994 is divided by 32?
18
Calculate the remainder when 54634 is divided by 11.
8
What is the remainder when 8129 is divided by 508?
1
What is the remainder when 112375 is divided by 349?
346
Calculate the remainder when 1099895 is divided by 237.
215
What is the remainder when 3565 is divided by 3565?
0
What is the remainder when 217749 is divided by 37?
4
What is the remainder when 1263 is divided by 761?
502
What is the remainder when 35478 is divided by 5906?
42
Calculate the remainder when 12753 is divided by 62.
43
What is the remainder when 4083 is divided by 967?
215
Calculate the remainder when 47435 is divided by 49.
3
What is the remainder when 22063 is divided by 59?
56
What is the remainder when 19063 is divided by 6314?
121
Calculate the remainder when 12939 is divided by 4312.
3
What is the remainder when 148565 is divided by 12?
5
What is the remainder when 55447 is divided by 18?
7
What is the remainder when 5945 is divided by 19?
17
What is the remainder when 2591 is divided by 526?
487
What is the remainder when 37170 is divided by 58?
50
Calculate the remainder when 429341 is divided by 439.
438
What is the remainder when 12414 is divided by 11?
6
Calculate the remainder when 4014 is divided by 174.
12
Calculate the remainder when 167136 is divided by 361.
354
What is the remainder when 78908 is divided by 65?
63
Calculate the remainder when 26457 is divided by 147.
144
What is the remainder when 5257 is divided by 1289?
101
Calculate the remainder when 41251 is divided by 85.
26
What is the remainder when 1612 is divided by 1434?
178
Calculate the remainder when 91943 is divided by 143.
137
Calculate the remainder when 30840 is divided by 4.
0
Calculate the remainder when 164478 is divided by 640.
638
What is the remainder when 377502 is divided by 125834?
0
What is the remainder when 28742 is divided by 70?
42
Calculate the remainder when 30050 is divided by 47.
17
What is the remainder when 26768 is divided by 145?
88
Calculate the remainder when 17675 is divided by 239.
228
What is the remainder when 127432 is divided by 77?
74
What is the remainder when 107678 is divided by 98?
74
What is the remainder when 5140 is divided by 344?
324
What is the remainder when 8364 is divided by 2780?
24
What is the remainder when 1525 is divided by 6?
1
What is the remainder when 10420 is divided by 109?
65
Calculate the remainder when 3417 is divided by 38.
35
Calculate the remainder when 3169 is divided by 161.
110
Calculate the remainder when 936 is divided by 94.
90
What is the remainder when 281207 is divided by 56238?
17
Calculate the remainder when 1248 is divided by 559.
130
What is the remainder when 15485 is divided by 711?
554
What is the remainder when 4333 is divided by 599?
140
What is the remainder when 23448 is divided by 23437?
11
Calculate the remainder when 12704 is divided by 22.
10
What is the remainder when 44838 is divided by 11?
2
What is the remainder when 176865 is divided by 29?
23
Calculate the remainder when 18463 is divided by 5830.
973
Calculate the remainder when 4460 is divided by 256.
108
What is the remainder when 829 is divided by 322?
185
Calculate the remainder when 726 is divided by 153.
114
What is the remainder when 55913 is divided by 146?
141
What is the remainder when 677 is divided by 93?
26
What is the remainder when 392 is divided by 256?
136
What is the remainder when 3683 is divided by 58?
29
Calculate the remainder when 104753 is divided by 139.
86
What is the remainder when 23931 is divided by 5902?
323
Calculate the remainder when 13405 is divided by 602.
161
What is the remainder when 111308 is divided by 75?
8
Calculate the remainder when 55427 is divided by 456.
251
What is the remainder when 862631 is divided by 393?
389
Calculate the remainder when 135522 is divided by 5212.
10
Calculate the remainder when 2263937 is divided by 1030.
1027
Calculate the remainder when 160599 is divided by 262.
255
What is the remainder when 8412 is divided by 19?
14
What is the remainder when 208002 is divided by 27?
21
What is the remainder when 80986 is divided by 109?
108
Calculate the remainder when 81170 is divided by 4.
2
Calculate the remainder when 102975 is divided by 20.
15
Calculate the remainder when 19140 is divided by 6353.
81
Calculate the remainder when 121828 is divided by 916.
0
Calculate the remainder when 6097 is divided by 1489.
141
What is the remainder when 159898 is divided by 164?
162
What is the remainder when 175 is divided by 134?
41
Calculate the remainder when 22790 is divided by 185.
35
What is the remainder when 4583068 is divided by 30?
28
Calculate the remainder when 30399 is divided by 1008